38 and 228.
38
Calculate the highest common factor of 5207 and 127.
127
What is the highest common factor of 96 and 60?
12
What is the greatest common factor of 7150 and 26?
26
Calculate the greatest common divisor of 1449 and 252.
63
Calculate the highest common divisor of 165 and 65.
5
What is the greatest common divisor of 1107 and 18?
9
Calculate the greatest common divisor of 22 and 506.
22
Calculate the highest common factor of 7 and 10493.
7
What is the greatest common factor of 199 and 398?
199
Calculate the greatest common factor of 26 and 2977.
13
Calculate the greatest common divisor of 110 and 10.
10
What is the highest common divisor of 2 and 3965?
1
What is the highest common divisor of 50 and 110?
10
Calculate the highest common factor of 35 and 35420.
35
What is the highest common factor of 2997 and 111?
111
Calculate the highest common factor of 280 and 16.
8
What is the greatest common factor of 29915 and 386?
193
What is the greatest common factor of 10210 and 10?
10
What is the highest common factor of 39 and 1781?
13
What is the highest common divisor of 25 and 4?
1
What is the greatest common factor of 71 and 1207?
71
What is the greatest common factor of 504 and 1323?
63
What is the highest common divisor of 187 and 44?
11
What is the greatest common factor of 828 and 72?
36
What is the highest common factor of 237 and 79?
79
Calculate the highest common factor of 54 and 189.
27
What is the highest common factor of 10507 and 38?
19
What is the highest common factor of 1184 and 40?
8
What is the highest common factor of 43 and 989?
43
What is the highest common factor of 627 and 33?
33
What is the highest common divisor of 2265 and 15?
15
Calculate the greatest common factor of 28 and 2443.
7
What is the highest common divisor of 54 and 126?
18
Calculate the greatest common divisor of 146 and 2.
2
Calculate the highest common divisor of 147 and 42.
21
Calculate the highest common divisor of 18 and 2943.
9
Calculate the highest common divisor of 153 and 3111.
51
What is the highest common factor of 55 and 11?
11
Calculate the greatest common divisor of 112 and 1328.
16
What is the highest common factor of 91 and 62062?
91
What is the highest common divisor of 28 and 686?
14
Calculate the greatest common factor of 16 and 688.
16
What is the greatest common factor of 87 and 24?
3
Calculate the greatest common factor of 38 and 4142.
38
Calculate the greatest common divisor of 25 and 3.
1
What is the greatest common factor of 80 and 860?
20
Calculate the greatest common divisor of 140 and 60.
20
What is the greatest common factor of 755 and 5?
5
What is the greatest common factor of 66 and 5390?
22
What is the highest common divisor of 24 and 129?
3
Calculate the greatest common divisor of 198 and 486.
18
Calculate the highest common divisor of 214 and 2.
2
What is the greatest common divisor of 741 and 57?
57
Calculate the highest common factor of 16 and 16.
16
Calculate the greatest common divisor of 308 and 140.
28
Calculate the greatest common divisor of 296 and 3589.
37
What is the greatest common factor of 115 and 5?
5
What is the highest common divisor of 369 and 328?
41
Calculate the greatest common factor of 72 and 18.
18
Calculate the highest common factor of 603 and 134.
67
Calculate the greatest common divisor of 27 and 89613.
27
Calculate the highest common factor of 332 and 5395.
83
What is the greatest common divisor of 176 and 144?
16
What is the highest common factor of 4842 and 108?
18
What is the highest common divisor of 3871 and 392?
49
What is the greatest common divisor of 42 and 5754?
42
Calculate the greatest common factor of 3479 and 49.
49
What is the highest common divisor of 12 and 32?
4
Calculate the highest common divisor of 2209 and 752.
47
Calculate the highest common factor of 476 and 1876.
28
What is the greatest common factor of 192 and 3408?
48
Calculate the greatest common factor of 1296 and 9.
9
What is the highest common factor of 44 and 1012?
44
Calculate the greatest common divisor of 10 and 160.
10
Calculate the greatest common divisor of 816 and 4284.
204
What is the highest common divisor of 78 and 559?
13
Calculate the greatest common factor of 2775 and 60.
15
Calculate the greatest common divisor of 351 and 26.
13
What is the highest common divisor of 3 and 60?
3
Calculate the highest common divisor of 1431 and 848.
53
What is the greatest common factor of 88 and 1738?
22
Calculate the highest common factor of 56 and 8328.
8
Calculate the highest common factor of 20 and 540.
20
Calculate the highest common divisor of 6 and 618.
6
What is the greatest common divisor of 224 and 532?
28
Calculate the highest common divisor of 9450 and 54.
54
What is the greatest common divisor of 84 and 1701?
21
What is the highest common factor of 117 and 26?
13
What is the highest common divisor of 588 and 36?
12
Calculate the greatest common factor of 170 and 255.
85
What is the greatest common divisor of 15570 and 180?
90
Calculate the greatest common factor of 500 and 900.
100
What is the greatest common divisor of 4 and 9?
1
Calculate the greatest common divisor of 6 and 102.
6
Calculate the highest common divisor of 24 and 232.
8
What is the highest common factor of 1075 and 43?
43
Calculate the highest common divisor of 506 and 22.
22
What is the greatest common factor of 870 and 30?
30
What is the greatest common factor of 239 and 13?
1
Calculate the greatest common factor of 5320 and 868.
28
What is the highest common factor of 1598 and 102?
34
What is the highest common divisor of 105 and 10815?
105
Calculate the highest common factor of 159 and 2597.
53
Calculate the greatest common factor of 24 and 48.
24
Calculate the greatest common factor of 990 and 15.
15
What is the highest common factor of 64 and 256?
64
What is the highest common factor of 11 and 22?
11
Calculate the greatest common factor of 15 and 135.
15
What is the highest common divisor of 154 and 66?
22
What is the greatest common factor of 36 and 23022?
18
What is the highest common divisor of 42 and 2373?
21
Calculate the highest common divisor of 182 and 26.
26
Calculate the highest common divisor of 3976 and 24.
8
Calculate the highest common factor of 542 and 2.
2
Calculate the greatest common divisor of 44 and 12.
4
Calculate the highest common divisor of 57 and 579.
3
Calculate the greatest common divisor of 5564 and 52.
52
Calculate the greatest common divisor of 64 and 288.
32
What is the highest common divisor of 1165 and 2097?
233
What is the greatest common divisor of 155059 and 19?
19
What is the highest common divisor of 405 and 30?
15
Calculate the highest common factor of 3354 and 312.
78
What is the greatest common factor of 18 and 711?
9
What is the highest common factor of 1238 and 2?
2
Calculate the highest common factor of 29854 and 59.
59
What is the highest common divisor of 65 and 13?
13
Calculate the highest common divisor of 7844 and 1060.
212
Calculate the greatest common factor of 273 and 5817.
21
What is the highest common divisor of 26 and 429?
13
What is the greatest common divisor of 27274 and 13?
13
What is the highest common divisor of 2698 and 38?
38
What is the highest common divisor of 184 and 23?
23
Calculate the highest common divisor of 134 and 201.
67
Calculate the greatest common factor of 1855 and 35.
35
What is the highest common factor of 64 and 16?
16
What is the highest common divisor of 7260 and 22?
22
Calculate the highest common divisor of 2130 and 27.
3
Calculate the highest common factor of 238 and 34.
34
What is the greatest common divisor of 8388 and 18?
18
What is the greatest common divisor of 1729 and 532?
133
What is the highest common divisor of 12 and 7014?
6
What is the highest common factor of 56 and 3976?
56
What is the greatest common divisor of 21774 and 190?
38
What is the greatest common divisor of 112 and 56?
56
What is the highest common factor of 27 and 8?
1
Calculate the greatest common factor of 2 and 3.
1
What is the highest common factor of 954 and 36?
18
What is the greatest common factor of 77 and 161?
7
Calculate the greatest common factor of 1197 and 532.
133
What is the greatest common divisor of 672 and 147?
21
Calculate the highest common d